{"id":698,"date":"2024-04-16T15:18:58","date_gmt":"2024-04-16T13:18:58","guid":{"rendered":"https:\/\/lapistouflerie.com\/?page_id=698"},"modified":"2025-06-04T13:19:51","modified_gmt":"2025-06-04T11:19:51","slug":"billetterie-pistouval-2025","status":"publish","type":"page","link":"https:\/\/lapistouflerie.com\/index.php\/billetterie-pistouval-2025\/","title":{"rendered":"Billetterie Pistouval"},"content":{"rendered":"\n<p class=\"has-superbfont-large-font-size\"><strong>Retrouvez <a href=\"https:\/\/lapistouflerie.com\/index.php\/pistouval-2025\/\">la programmation compl\u00e8te du Pistouval 2025 ici !<\/a><\/strong><\/p>\n\n\n\n<p>Vous pouvez acheter vos billets sur place ou d\u00e8s maintenant via le lien suivant (ou le formulaire ci-dessous) : <a href=\"https:\/\/www.helloasso.com\/associations\/devenementiel-31\/evenements\/pistouval-2025\">https:\/\/www.helloasso.com\/associations\/devenementiel-31\/evenements\/pistouval-2025<\/a><\/p>\n\n\n\n<p class=\"has-black-color has-text-color has-link-color wp-elements-298b155d16d2bfbeab4c5c990101ccc4\">Si vous pr\u00e9-commander vos billets, il vous suffira de donner vos nom(s)\/pr\u00e9nom(s) aux b\u00e9n\u00e9voles \u00e0 l&rsquo;entr\u00e9e du festival.<\/p>\n\n\n\n<p class=\"has-black-color has-text-color has-link-color wp-elements-64c83c71851a95eb8b60f80b5e358bfe\"><strong>TARIFS <\/strong><br><strong>Vendredi 25 juillet : <\/strong>18,50\u20ac (normal) \/ 16\u20ac (adh\u00e9rent\u00b7es)<br><strong>Samedi 26 juillet :<\/strong> 18,50\u20ac (normal) \/ 16\u20ac (adh\u00e9rent\u00b7es)<br><strong>Dimanche 27 juillet : <\/strong>concerts au chapeau (participation libre mais n\u00e9cessaire)<br>Gratuit pour les moins de 16 ans<\/p>\n\n\n\n<iframe id=\"haWidget\" allowtransparency=\"true\" scrolling=\"auto\" src=\"https:\/\/www.helloasso.com\/associations\/devenementiel-31\/evenements\/pistouval-2025\/widget\" style=\"width: 100%; height: 750px; border: none;\"><\/iframe>\n","protected":false},"excerpt":{"rendered":"<p>Retrouvez la programmation compl\u00e8te du Pistouval 2025 ici ! Vous pouvez acheter vos billets sur place ou d\u00e8s maintenant via &hellip; <\/p>\n","protected":false},"author":1,"featured_media":1269,"parent":0,"menu_order":0,"comment_status":"closed","ping_status":"closed","template":"","meta":{"footnotes":""},"class_list":["post-698","page","type-page","status-publish","has-post-thumbnail","hentry"],"_links":{"self":[{"href":"https:\/\/lapistouflerie.com\/index.php\/wp-json\/wp\/v2\/pages\/698","targetHints":{"allow":["GET"]}}],"collection":[{"href":"https:\/\/lapistouflerie.com\/index.php\/wp-json\/wp\/v2\/pages"}],"about":[{"href":"https:\/\/lapistouflerie.com\/index.php\/wp-json\/wp\/v2\/types\/page"}],"author":[{"embeddable":true,"href":"https:\/\/lapistouflerie.com\/index.php\/wp-json\/wp\/v2\/users\/1"}],"replies":[{"embeddable":true,"href":"https:\/\/lapistouflerie.com\/index.php\/wp-json\/wp\/v2\/comments?post=698"}],"version-history":[{"count":10,"href":"https:\/\/lapistouflerie.com\/index.php\/wp-json\/wp\/v2\/pages\/698\/revisions"}],"predecessor-version":[{"id":1357,"href":"https:\/\/lapistouflerie.com\/index.php\/wp-json\/wp\/v2\/pages\/698\/revisions\/1357"}],"wp:featuredmedia":[{"embeddable":true,"href":"https:\/\/lapistouflerie.com\/index.php\/wp-json\/wp\/v2\/media\/1269"}],"wp:attachment":[{"href":"https:\/\/lapistouflerie.com\/index.php\/wp-json\/wp\/v2\/media?parent=698"}],"curies":[{"name":"wp","href":"https:\/\/api.w.org\/{rel}","templated":true}]}}