{"id":74,"date":"2023-12-18T15:28:23","date_gmt":"2023-12-18T14:28:23","guid":{"rendered":"https:\/\/lapistouflerie.com\/?page_id=74"},"modified":"2024-02-12T18:27:01","modified_gmt":"2024-02-12T17:27:01","slug":"a-propos","status":"publish","type":"page","link":"https:\/\/lapistouflerie.com\/index.php\/a-propos\/","title":{"rendered":"\u00c0 propos"},"content":{"rendered":"\n<p class=\"has-black-color has-text-color has-link-color wp-elements-adda486eb4d2a113e54cee31c879da35\"><strong>Horaires d&rsquo;ouverture<\/strong><br>Hiver (du 1er octobre au 20 juin) : 19h30 &#8211; Concerts \u00e0 21h<br>\u00c9t\u00e9 (du 21 juin au 30 septembre) : 18h30 &#8211; Concerts \u00e0 19h30<\/p>\n\n\n\n<p class=\"has-black-color has-text-color has-link-color wp-elements-bb61d1818b6001c92f82ef8d68c607c7\"><strong>Bar et restauration sur place <\/strong>(des ardoises gourmandes et locales : des produits de saisons, des fromages et de la charcuterie&#8230; et une option v\u00e9g\u00e9 !)<\/p>\n\n\n\n<p class=\"has-black-color has-text-color has-link-color wp-elements-ff32bc6467a9a1601a9156f8e9eb1c65\">Salut \u00e0 toi, voyageur.euse du web !<\/p>\n\n\n\n<p class=\"has-black-color has-text-color has-link-color wp-elements-6b21f033291f735e3486aa3931f74201\">Tu es ici \u00e0 <strong>La Pistouflerie<\/strong>, un bistrot associatif qui organise des concerts et animations depuis 2010 au c\u0153ur du village de Cassagnab\u00e8re-Tournas, dans la charmante r\u00e9gion du Comminges (c&rsquo;est \u00e0 l&rsquo;ouest de Toulouse, mais tu le savais d\u00e9j\u00e0).<\/p>\n\n\n\n<p class=\"has-black-color has-text-color has-link-color wp-elements-99be346714b985b0fecf67139943c7d6\">Ton \u00e9quipe de b\u00e9n\u00e9voles pr\u00e9f\u00e9r\u00e9.es te donne rendez-vous <strong>toutes les semaines<\/strong> (le samedi, et parfois m\u00eame le vendredi, petit.e veinard.e) pour des moments chaleureux de partages, de culture, de musique, de fous rires, de larmes (celles qui font du bien), de rencontres et bien plus encore ! Le tout dans une ambiance accueillante et bienveillante pour toutes et tous. Alors qu&rsquo;est-ce que tu attends ? Viens vite nous voir !<\/p>\n\n\n\n<p class=\"has-black-color has-text-color has-link-color wp-elements-d2b6ccfec52c084239cb1f63b6f9e567\">Regarde, c&rsquo;est la Pistou (elle est beeelle) :<\/p>\n\n\n\n<figure class=\"wp-block-image size-large\"><img loading=\"lazy\" decoding=\"async\" width=\"1024\" height=\"768\" src=\"https:\/\/lapistouflerie.com\/wp-content\/uploads\/2023\/12\/LA-PISTOU-1024x768.png\" alt=\"\" class=\"wp-image-286\" srcset=\"https:\/\/lapistouflerie.com\/wp-content\/uploads\/2023\/12\/LA-PISTOU-1024x768.png 1024w, https:\/\/lapistouflerie.com\/wp-content\/uploads\/2023\/12\/LA-PISTOU-300x225.png 300w, https:\/\/lapistouflerie.com\/wp-content\/uploads\/2023\/12\/LA-PISTOU-768x576.png 768w, https:\/\/lapistouflerie.com\/wp-content\/uploads\/2023\/12\/LA-PISTOU-1536x1152.png 1536w, https:\/\/lapistouflerie.com\/wp-content\/uploads\/2023\/12\/LA-PISTOU-2048x1536.png 2048w, https:\/\/lapistouflerie.com\/wp-content\/uploads\/2023\/12\/LA-PISTOU-80x60.png 80w\" sizes=\"auto, (max-width: 1024px) 100vw, 1024px\" \/><\/figure>\n\n\n\n<p class=\"has-black-color has-text-color has-link-color wp-elements-ad41643d77c3fb23e403b06e70d25f6a\">Si tu veux nous envoyer des coeurs et suivre toutes nos actus (ce qui nous ferait vraiment plaisir), tu peux :<\/p>\n\n\n\n<p class=\"has-black-color has-text-color has-link-color wp-elements-da44208398c280f0d5377bccab1d9709\">T&rsquo;abonner \u00e0 la newsletter<br>Liker <a href=\"https:\/\/www.facebook.com\/pistouflerie\/\" data-type=\"link\" data-id=\"https:\/\/www.facebook.com\/pistouflerie\/\" target=\"_blank\" rel=\"noreferrer noopener\">notre page Facebook<\/a><br>Suivre toutes nos aventures <a href=\"https:\/\/www.instagram.com\/lapistouflerie\/\" data-type=\"link\" data-id=\"https:\/\/www.instagram.com\/lapistouflerie\/\" target=\"_blank\" rel=\"noreferrer noopener\">sur Instagram<\/a><\/p>\n","protected":false},"excerpt":{"rendered":"<p>Horaires d&rsquo;ouvertureHiver (du 1er octobre au 20 juin) : 19h30 &#8211; Concerts \u00e0 21h\u00c9t\u00e9 (du 21 juin au 30 septembre) &hellip; <\/p>\n","protected":false},"author":1,"featured_media":0,"parent":0,"menu_order":0,"comment_status":"closed","ping_status":"closed","template":"","meta":{"footnotes":""},"class_list":["post-74","page","type-page","status-publish","hentry"],"_links":{"self":[{"href":"https:\/\/lapistouflerie.com\/index.php\/wp-json\/wp\/v2\/pages\/74","targetHints":{"allow":["GET"]}}],"collection":[{"href":"https:\/\/lapistouflerie.com\/index.php\/wp-json\/wp\/v2\/pages"}],"about":[{"href":"https:\/\/lapistouflerie.com\/index.php\/wp-json\/wp\/v2\/types\/page"}],"author":[{"embeddable":true,"href":"https:\/\/lapistouflerie.com\/index.php\/wp-json\/wp\/v2\/users\/1"}],"replies":[{"embeddable":true,"href":"https:\/\/lapistouflerie.com\/index.php\/wp-json\/wp\/v2\/comments?post=74"}],"version-history":[{"count":18,"href":"https:\/\/lapistouflerie.com\/index.php\/wp-json\/wp\/v2\/pages\/74\/revisions"}],"predecessor-version":[{"id":470,"href":"https:\/\/lapistouflerie.com\/index.php\/wp-json\/wp\/v2\/pages\/74\/revisions\/470"}],"wp:attachment":[{"href":"https:\/\/lapistouflerie.com\/index.php\/wp-json\/wp\/v2\/media?parent=74"}],"curies":[{"name":"wp","href":"https:\/\/api.w.org\/{rel}","templated":true}]}}